Suppose -3*g + 4 = -g. Suppose -4*n + g*s + 186 = s, 2*n + 2*s = 88. Let b = 32 + n. List the prime factors of b.
2, 3, 13
Let m(y) = 947*y**3 - y**2 - y + 2. List the prime factors of m(1).
947
Suppose -37*x + 39*x + 5*c = 4230, -c = 4*x - 8478. List the prime factors of x.
2, 5, 53
Let j(o) = 902*o**2 - o + 1. List the prime factors of j(-1).
2, 113
Suppose -15*u + 8*u = -14. Let k = 157 - 31. Suppose 0 = u*p + p - k. List the prime factors of p.
2, 3, 7
Let o = -295 + 415. List the prime factors of o.
2, 3, 5
Suppose -n - 8 = -3*n. Suppose -4*p = -4*w + 5*w - 25, 4*w = -n*p + 88. What are the prime factors of w?
3, 7
Let u(z) = -13*z + 161. List the prime factors of u(-25).
2, 3
Suppose -119*w + 27582 = -113*w. What are the prime factors of w?
4597
Let c(s) = -s**3 - 21*s**2 + 17*s - 5. Let p be c(-22). List the prime factors of (-2 - -5)/((p/(-80))/(-7)).
2
Let p(u) = -u**3 + 6*u**2 + 4*u + 9. What are the prime factors of p(-7)?
2, 3, 103
Let h = 112 + -165. Let t = -23 - h. List the prime factors of t.
2, 3, 5
Suppose -3*a + 6 + 18 = 0. Let z(d) be the second derivative of 7*d**3/6 - 10*d**2 - 337*d. What are the prime factors of z(a)?
2, 3
Suppose -2*s = 3*x - 4, -4*s + 4*x = -3*s - 2. Suppose -s*y + 20 = 2*y. Suppose -31 = -5*k + 4*k + 4*n, -y*n = k + 14. What are the prime factors of k?
11
Suppose -3960 = 47*j - 67*j. List the prime factors of j.
2, 3, 11
What are the prime factors of (-2490)/(-25)*(9 + -4)?
2, 3, 83
Let d(c) = c**2 + 10*c - 22. Let b be d(-12). Suppose 0 = b*s - s - 82. List the prime factors of s.
2, 41
List the prime factors of 5 + (-279)/57 + (-519309)/(-171).
3037
Let i(g) = -2*g - 3. Let w be i(-7). Let x = 45 - w. Let p = x + -30. What are the prime factors of p?
2
Let m(d) = -d**2 - 4*d + 0 - 1 - d - 3*d. Let q be m(-8). Let u(t) = 18*t**2 + t. List the prime factors of u(q).
17
Let q(x) = x**2 - 2*x - 11. Suppose 0 = 3*f + 3*f + 48. What are the prime factors of q(f)?
3, 23
Suppose 41 - 37 = 2*l. Suppose -l*n - 3*i = -635, -i = 3*n - 2*i - 969. List the prime factors of n.
2, 7, 23
Suppose 3*h + 3*t - 20 = -t, 44 = 4*h + t. Let l = h - 8. Suppose -3*b + 31 = y - 6, l*y + 34 = b. What are the prime factors of b?
2, 7
Let g = 2099 + -1365. What are the prime factors of g?
2, 367
Let w(t) = t**3 + 16*t**2 - 2*t - 6. Let v be w(-16). Suppose 4*h - v - 34 = 0. Suppose h = q + 3. List the prime factors of q.
2, 3
List the prime factors of 2/(-3)*2*2403/(-6).
2, 3, 89
Let w = 1 + -9. List the prime factors of 85 - (w - -8)/((-2)/(-2)).
5, 17
Let l = -326 - -2141. List the prime factors of l.
3, 5, 11
Suppose -87*w + 281638 = -79412. List the prime factors of w.
2, 5, 83
What are the prime factors of ((-42)/(-1))/((-7)/(-14))?
2, 3, 7
Let k = 126 - -132. What are the prime factors of k?
2, 3, 43
Let b(q) = q**2 - 3*q - 7. Let w be b(5). Suppose 4*j - w*j = 95. What are the prime factors of j?
5, 19
Suppose 2*k + k = 0. Suppose 0*z + 4*z = k. Suppose 2*n = -z*n + 8. What are the prime factors of n?
2
Let m(p) = -5*p + 44. Let c(k) = -24*k + 220. Let r(s) = 3*c(s) - 14*m(s). List the prime factors of r(-11).
2, 3, 11
Let o be (4/48)/(2/8)*0. Suppose 11*r - 13*r + 448 = o. What are the prime factors of r?
2, 7
Suppose 12*t - 57 = 147. Suppose t*m - 13*m = 156. What are the prime factors of m?
3, 13
Let q(w) = 11*w**3 + w**2 + 3*w - 2. Let x be (0 - -7)*(-40)/(-140). List the prime factors of q(x).
2, 3
Let u = 783 + -254. List the prime factors of u.
23
Let r(b) = -1 + 8*b + 0 + 34*b + 2*b. Let z be r(-1). Let s = 64 + z. List the prime factors of s.
19
Suppose -3*r - 87*f + 1076 = -83*f, f + 347 = r. What are the prime factors of r?
2, 11
Suppose -3*j - 4*v + 208 = -2*j, 3*j = v + 572. Suppose 2*w + j = 4*w. List the prime factors of (w/((-3)/(-1)))/1.
2
Let u be (-8)/(-6)*15/10. Suppose u*h + 0 + 1 = 5*k, 0 = 3*h + 9. List the prime factors of 1/((-2)/(54*k)).
3
Let a = 28 + -28. Suppose -5*x - 767 = -a*h - 3*h, -513 = -2*h + 5*x. What are the prime factors of h?
2, 127
Let s(m) = 23*m**2 - 8*m - 11. List the prime factors of s(-4).
389
Let j be (-246)/(-9) + (-2)/6. Let i = 40 - j. Let p = 25 + i. List the prime factors of p.
2, 19
What are the prime factors of 2478/14 + -4 + 3?
2, 11
Let t be 1 + -5 - 0 - -15. Suppose -6*w - t = 7. Let j(h) = h**2 - h - 1. What are the prime factors of j(w)?
11
Suppose -25 = -t - 22. Suppose -5*d = -d - t*o - 965, 2*o = -4*d + 990. What are the prime factors of d?
5, 7
What are the prime factors of (-3)/(-9) + (-2 - (-2895)/9)?
2, 5
Let g(q) = q**2 + 2*q + 2. Let i be g(-4). Let n(l) = 19*l - 26. List the prime factors of n(i).
2, 41
Let u(w) = -w**3 + 3*w**2 + 10*w - 6. List the prime factors of u(4).
2, 3
Suppose -4*c + 2*a + 3*a + 24 = 0, c = a + 6. Suppose -3 = -5*m + 7. Let x = c - m. List the prime factors of x.
2
Let y = 734 - 414. Suppose 0*c + 3*c - 5*f - y = 0, 0 = -2*c - f + 222. What are the prime factors of c?
2, 5, 11
Suppose 0 = -3*l + 2*i + 54, -l - 3*i = -8 + 1. Suppose -3*b - 6 - 26 = -5*q, 0 = 2*q + 2*b - l. Suppose 155 = -2*j + q*j. List the prime factors of j.
31
Suppose -193 + 33 = -4*a - 5*g, 3*a - 5*g = 155. Let f be a/12 + 3/(-4). List the prime factors of (18 - 2) + f - 1.
2, 3
Suppose -i = -2*i + 2*h + 19, 4*i = 2*h + 64. Let o be (i + -3)/(2/5). Suppose -5*u + 8*l = 3*l - 50, 3*u - o = l. What are the prime factors of u?
2, 5
Let v = -5 - 130. Let q = -76 - v. List the prime factors of q.
59
Suppose 0*a + 3*a = 2*c, 4*c + 6 = 3*a. Let n(b) = 4*b**2 + 2*b + 2. What are the prime factors of n(c)?
2
Let n(h) = h**3 - 7*h**2 - 6. Let u be n(7). Suppose -a + 3*j - 48 = 3*a, -3*a = -j + 31. Let g = u - a. List the prime factors of g.
3
Suppose 0 = -c + 3*i - 3 + 10, -4*c = i - 15. Let h(b) = -b**2 - c - b + 6 - 3*b. What are the prime factors of h(-3)?
5
Suppose -2*y + 436 = -2*k, 2*y - 621 = -k - 194. List the prime factors of y.
5, 43
Let n(u) = 15*u. Let c be n(22). Suppose -3*w + c = 5*g, -4*g - w + 264 = -2*w. List the prime factors of g.
2, 3, 11
Let q be 3 - (-14 - -1 - 1). Let u = 47 + q. What are the prime factors of u?
2
Suppose -3 = -5*r + 12. Suppose -6 = -r*i - 30. Let h = 11 - i. What are the prime factors of h?
19
Let q = -249 + 1373. What are the prime factors of q?
2, 281
Suppose 24*v = 3417 + 10935. List the prime factors of v.
2, 13, 23
Let r = -102 + 39. Let p = -44 - r. What are the prime factors of p?
19
Suppose 0 = -2*n + 3*i + 138, 7*n + 2*i = 2*n + 383. What are the prime factors of n?
3, 5
Suppose 0 = 3*w - 4*o - 2432 - 2342, -w - 5*o + 1566 = 0. What are the prime factors of w?
2, 13, 61
Let j = 227 + 753. What are the prime factors of j?
2, 5, 7
Suppose p - 9 = -2*v - 2, 4*p = -v + 63. Suppose -2*l + 106 = y, 5*l + p + 279 = 3*y. List the prime factors of y.
2, 3, 17
Let z(x) = 3*x**2 - 5*x - 10. Let c be ((-12)/(-2))/(2 + 14/(-4)). What are the prime factors of z(c)?
2, 29
Let n be ((152 + 0)/2)/1. Let o = 2821 + -2816. List the prime factors of (-15)/(-6)*n/o.
2, 19
Let j(h) = -9*h - 18. Let b(o) = 26*o + 53. Let f(i) = -2*b(i) - 7*j(i). List the prime factors of f(4).
2
Suppose -p + 6 = 9. Let s(q) = q**3 + 2*q**2 - 2*q + 2. Let x be s(p). Let f(c) = -15*c**3. What are the prime factors of f(x)?
3, 5
Suppose 6 + 34 = 2*s. Let r(m) = 5 + 21*m**3 + 0*m - s*m**3 + m**2 + 0*m - m. What are the prime factors of r(3)?
2, 19
Suppose 640 + 2294 = 6*n. List the prime factors of n.
3, 163
Suppose -j + 55 = -102. List the prime factors of j/3*(7 + -4).
157
Let n be 16/88 - (-4)/(-22). Suppose -87 - 33 = -5*j - 3*l, n = l. What are the prime factors of (-2 - j)*2/(-4)?
13
Suppose -1807 = -7*t + 503. Suppose 4*m - t = -3*y + m, 2*y - 232 = 2*m. What are the prime factors of y?
113
Let q(v) = 3*v**2 - 23*v + 24. List the prime factors of q(28).
2, 433
Suppose 2*z - 5*n = -19, -3*n + 5 + 10 = 0. Suppose 0 = z*q - 2*q - 84. Suppose 3*g - q = -g. What are the prime factors of g?
3, 7
Suppose -4*z + 222 = -3*z. Let l = -137 + z. List the prime factors of l.
5, 17
Let a = -65 + 69. Suppose 170 - 6 = a*w. What are the prime factors of w?
41
Suppose -268 = -4*o - 68. List the prime factors of (3 + o/(-6))*-21.
2, 7
Suppose 0 = 8*a + 1126 - 4286. Suppose -2*c + c + 102 = -2*i, 4*c + 5*i - a = 0. List the prime factors of c.
2, 5
Suppose -i = -140 